
{"id":89,"date":"2017-03-03T21:15:53","date_gmt":"2017-03-03T21:15:53","guid":{"rendered":"http:\/\/sw-themes.com\/porto_dummy\/?page_id=89"},"modified":"2018-03-07T16:31:29","modified_gmt":"2018-03-07T16:31:29","slug":"servicios","status":"publish","type":"page","link":"https:\/\/cargozoneusa.com\/site\/servicios\/","title":{"rendered":"Servicios"},"content":{"rendered":"<div class=\"wpb-content-wrapper\"><p>[vc_row][vc_column remove_margin_top=&#8221;yes&#8221; remove_margin_bottom=&#8221;yes&#8221; remove_padding_top=&#8221;yes&#8221; remove_padding_bottom=&#8221;yes&#8221; remove_border=&#8221;yes&#8221; css=&#8221;.vc_custom_1520440282652{padding-right: 0px !important;padding-left: 0px !important;}&#8221;][vc_single_image source=&#8221;external_link&#8221; external_img_size=&#8221;100%&#8221; custom_src=&#8221;https:\/\/cargozoneusa.com\/site\/wp-content\/uploads\/2017\/10\/BANNER-LANDING-1.jpg&#8221; css=&#8221;.vc_custom_1520440168746{margin-bottom: 0px !important;}&#8221; label=&#8221;&#8221;][\/vc_column][\/vc_row][vc_row][vc_column][vc_column_text]<\/p>\n<div class=\"vc_row wpb_row vc_row-fluid home-intro\" style=\"background-color: #a4a8ad;\">\n<div class=\"row\">\n<div class=\"col-xs-12 col-md-12\" style=\"text-align: center;\">\n<p style=\"color: #ffffff; text-align: justify; font-size: large;\">En Cargo Zone cumplimos y nos esforzamos por satisfacer todas las expectativas de nuestros clientes y por esa raz\u00f3n tenemos una gran variedad de servicios que cubren todas las ramas del sector de envi\u00f3 de mercanc\u00edas y exportaciones, si requiere mayor informaci\u00f3n sobre nuestros diferentes productos y servicios escribanos a <a style=\"color: #154a92;\" href=\"mailto:casilleros@cargozoneusa.com\">casilleros@cargozoneusa.com<\/a><\/p>\n<\/div>\n<\/div>\n<\/div>\n<p>&nbsp;<\/p>\n<div class=\"container\">\n<div class=\"row\">\n<div class=\"col-xs-12 col-md-3\"><img loading=\"lazy\" decoding=\"async\" class=\"alignnone size-full wp-image-987\" src=\"..\/wp-content\/uploads\/2017\/03\/CONTAINER-.png\" alt=\"\" width=\"201\" height=\"157\" \/><\/div>\n<div class=\"col-xs-12 col-md-9\">\n<h1 style=\"color: #144992; font-size: 40px; font-weight: bold;\">Consolidamos Carga Pesada<\/h1>\n<p><a class=\"vc_btn3 vc_btn3-shape-rounded btn btn-lg btn-primary\" style=\"background-color: #ffd700; border-color: #FFFFFF #ffffff #ffffff; float: right;\" title=\"\" href=\"#\">\u00a1Nuevo Servicio!<\/a><\/p>\n<p style=\"color: #000; font-size: large;\">US 1.10 el kilo. US 50c la libra.<\/p>\n<\/div>\n<\/div>\n<p>&nbsp;<\/p>\n<div class=\"row\">\n<div class=\"col-xs-12 col-md-3\"><img loading=\"lazy\" decoding=\"async\" class=\"alignnone size-full wp-image-986\" src=\"..\/wp-content\/uploads\/2017\/03\/CASILLERO-.png\" alt=\"\" width=\"166\" height=\"158\" \/><\/div>\n<div class=\"col-xs-12 col-md-9\">\n<h1 style=\"color: #144992; font-size: 40px; font-weight: bold;\">Casillero Internacional<\/h1>\n<p style=\"color: #000; font-size: large;\">Direcci\u00f3n postal en Estados Unidos para que pueda comprar y recibir en Colombia.<\/p>\n<\/div>\n<\/div>\n<p>&nbsp;<\/p>\n<div class=\"row\">\n<div class=\"col-xs-12 col-md-3\"><img loading=\"lazy\" decoding=\"async\" class=\"alignnone size-full wp-image-999\" src=\"..\/wp-content\/uploads\/2017\/10\/NEGOCIO.png\" alt=\"\" width=\"192\" height=\"172\" \/><\/div>\n<div class=\"col-xs-12 col-md-9\">\n<h1 style=\"color: #144992; font-size: 40px; font-weight: bold;\">Agente de Compras en Estados Unidos<\/h1>\n<p style=\"color: #000; font-size: large;\">Compramos por usted lo que necesite, queremos hacer m\u00e1s f\u00e1ciles las cosas para usted.<\/p>\n<\/div>\n<\/div>\n<p>&nbsp;<\/p>\n<div class=\"row\">\n<div class=\"col-xs-12 col-md-3\"><img loading=\"lazy\" decoding=\"async\" class=\"alignnone size-full wp-image-998\" src=\"..\/wp-content\/uploads\/2017\/10\/ENTREGA.png\" alt=\"\" width=\"319\" height=\"128\" srcset=\"https:\/\/cargozoneusa.com\/site\/wp-content\/uploads\/2017\/10\/ENTREGA.png 319w, https:\/\/cargozoneusa.com\/site\/wp-content\/uploads\/2017\/10\/ENTREGA-300x120.png 300w\" sizes=\"auto, (max-width: 319px) 100vw, 319px\" \/><\/div>\n<div class=\"col-xs-12 col-md-9\">\n<h1 style=\"color: #144992; font-size: 40px; font-weight: bold;\">Courier Colombia Estados Unidos<\/h1>\n<p style=\"color: #000; font-size: large;\">\u00bfDesea enviar algo desde Colombia a Estados Unidos?<\/p>\n<\/div>\n<\/div>\n<p>&nbsp;<\/p>\n<div class=\"row\">\n<div class=\"col-xs-12 col-md-3\"><img loading=\"lazy\" decoding=\"async\" class=\"alignnone size-full wp-image-988\" src=\"..\/wp-content\/uploads\/2017\/03\/EFECTIVO.png\" alt=\"\" width=\"187\" height=\"171\" \/><\/div>\n<div class=\"col-xs-12 col-md-9\">\n<h1 style=\"color: #144992; font-size: 40px; font-weight: bold;\">Diligencias en Miami<\/h1>\n<p style=\"color: #000; font-size: large;\">\u00bfNecesita pagar algo, hacer una diligencia en Miami?Estamos a su servicio.<\/p>\n<\/div>\n<\/div>\n<p>&nbsp;<\/p>\n<div class=\"row\">\n<div class=\"col-xs-12 col-md-3\"><img loading=\"lazy\" decoding=\"async\" class=\"alignnone size-full wp-image-985\" src=\"..\/wp-content\/uploads\/2017\/03\/TIEMPO.png\" alt=\"\" width=\"199\" height=\"192\" \/><\/div>\n<div class=\"col-xs-12 col-md-9\">\n<h1 style=\"color: #144992; font-size: 40px; font-weight: bold;\">Restricciones Entrega 24 Horas<\/h1>\n<p style=\"color: #000; font-size: large;\"><a href=\"\/site\/condiciones-de-servicio\/#restric-24h\">Conozca aqui las restricciones del servicio de 24 Horas.<\/a><\/p>\n<\/div>\n<\/div>\n<\/div>\n<p>&nbsp;[\/vc_column_text][\/vc_column][\/vc_row]<\/p>\n<\/div>","protected":false},"excerpt":{"rendered":"<p>[vc_row][vc_column remove_margin_top=&#8221;yes&#8221; remove_margin_bottom=&#8221;yes&#8221; remove_padding_top=&#8221;yes&#8221; remove_padding_bottom=&#8221;yes&#8221; remove_border=&#8221;yes&#8221; css=&#8221;.vc_custom_1520440282652{padding-right: 0px !important;padding-left: 0px !important;}&#8221;][vc_single_image source=&#8221;external_link&#8221; external_img_size=&#8221;100%&#8221; custom_src=&#8221;https:\/\/cargozoneusa.com\/site\/wp-content\/uploads\/2017\/10\/BANNER-LANDING-1.jpg&#8221; css=&#8221;.vc_custom_1520440168746{margin-bottom: 0px !important;}&#8221; label=&#8221;&#8221;][\/vc_column][\/vc_row][vc_row][vc_column][vc_column_text] En Cargo Zone cumplimos y nos esforzamos por satisfacer todas las expectativas de nuestros clientes y por esa raz\u00f3n tenemos una gran variedad de servicios que cubren todas las ramas del sector de envi\u00f3 de mercanc\u00edas y [&hellip;]<\/p>\n","protected":false},"author":1,"featured_media":0,"parent":0,"menu_order":0,"comment_status":"closed","ping_status":"closed","template":"","meta":{"footnotes":""},"class_list":["post-89","page","type-page","status-publish","hentry"],"_links":{"self":[{"href":"https:\/\/cargozoneusa.com\/site\/wp-json\/wp\/v2\/pages\/89","targetHints":{"allow":["GET"]}}],"collection":[{"href":"https:\/\/cargozoneusa.com\/site\/wp-json\/wp\/v2\/pages"}],"about":[{"href":"https:\/\/cargozoneusa.com\/site\/wp-json\/wp\/v2\/types\/page"}],"author":[{"embeddable":true,"href":"https:\/\/cargozoneusa.com\/site\/wp-json\/wp\/v2\/users\/1"}],"replies":[{"embeddable":true,"href":"https:\/\/cargozoneusa.com\/site\/wp-json\/wp\/v2\/comments?post=89"}],"version-history":[{"count":5,"href":"https:\/\/cargozoneusa.com\/site\/wp-json\/wp\/v2\/pages\/89\/revisions"}],"predecessor-version":[{"id":1505,"href":"https:\/\/cargozoneusa.com\/site\/wp-json\/wp\/v2\/pages\/89\/revisions\/1505"}],"wp:attachment":[{"href":"https:\/\/cargozoneusa.com\/site\/wp-json\/wp\/v2\/media?parent=89"}],"curies":[{"name":"wp","href":"https:\/\/api.w.org\/{rel}","templated":true}]}}