
{"id":5225,"date":"2024-07-10T16:36:53","date_gmt":"2024-07-10T20:36:53","guid":{"rendered":"https:\/\/cargozoneusa.com\/site\/?page_id=5225"},"modified":"2024-07-10T16:51:54","modified_gmt":"2024-07-10T20:51:54","slug":"politica-de-tratamiento-de-datos","status":"publish","type":"page","link":"https:\/\/cargozoneusa.com\/site\/politica-de-tratamiento-de-datos\/","title":{"rendered":"Politica de tratamiento de datos"},"content":{"rendered":"<div class=\"wpb-content-wrapper\"><p>[vc_row wrap_container=&#8221;yes&#8221; text_align=&#8221;justify&#8221;][vc_column css=&#8221;.vc_custom_1720644369249{padding-right: 20% !important;padding-left: 20% !important;}&#8221;][vc_column_text]<\/p>\n<h1 style=\"text-align: center; color: #000000;\">POL\u00cdTICA DE TRATAMIENTO DE DATOS<\/h1>\n<p>[\/vc_column_text][vc_column_text]<\/p>\n<div class=\"container\">\n<p>En CARGO ZONE ETC SAS, estamos comprometidos con el cumplimiento de los derechos que tienen todas las personas aliadas a nuestra organizaci\u00f3n con el fin de proteger y resguardar la informaci\u00f3n suministrada en el desarrollo de nuestras actividades.<\/p>\n<p>Nuestros aliados tienen derecho a conocer, actualizar y rectificar la informaci\u00f3n que se haya obtenido durante la prestaci\u00f3n del servicio y\/o la vigencia del v\u00ednculo comercial, laboral y de servicios, registrados en nuestras bases de datos y dem\u00e1s documentos recibidos por las partes que pueden servir de consulta por entidades p\u00fablicas y\/o privadas con previa autorizaci\u00f3n escrita. Esta informaci\u00f3n no podr\u00e1 ser entregada, divulgada o publicada por CARGO ZONE ETC SAS sin la previa autorizaci\u00f3n.<\/p>\n<p>Para dar cumplimiento a los requisitos estipulados en el decreto 1377 de 2013, Ley 1581 del 2012 y 1074 del 2015 los cuales reglamenta la Ley de Habeas Data, se ha definido los siguientes par\u00e1metros:<\/p>\n<p>Los titulares de la informaci\u00f3n tienen derecho a solicitar y encontrar de manera \u00e1gil y sencilla la informaci\u00f3n suministrada por ellos y que se encuentra bajo la administraci\u00f3n de CARGO ZONE ETC SAS, por medio de una solicitud escrita via email al correo <a href=\"mailto:logistica@cargozoneusa.com\">logistica@cargozoneusa.com<\/a> y\/o a la siguiente direcci\u00f3n Calle 65 No. 98 \u2014 53 Bogota, Colombia.<\/p>\n<p>Las personas podr\u00e1n consultar de manera gratuita sus datos personales, cuando Io estime conveniente por escrito.<\/p>\n<p>En caso de no recordar haber facilitado sus datos a CARGO ZONE ETC SAS, luego de la vigencia de los decretos citados, el titular de la informaci\u00f3n podr\u00e1 actualizar la autorizaci\u00f3n para el registro, ingreso y consulta de sus datos por medio de nuestra p\u00e1gina web <a href=\"http:\/\/www.cargozoneusa.com\/\">www.cargozoneusa.com.<\/a><\/p>\n<p>CARGO ZONE ETC SAS, suministrara al titular de la informaci\u00f3n el para qu\u00e9 y c\u00f3mo ser\u00e1 utilizada sus datos en nuestros archivos cuando as\u00ed Io requiera el mismo.<\/p>\n<p>Se reconoce el derecho a los titulares para la actualizaci\u00f3n, rectificaci\u00f3n y eliminaci\u00f3n de los datos, cuando el titular to considere conveniente (en cualquier momento) con sus proyectos, servicios, v\u00ednculos laborales y\/o comerciales.<\/p>\n<p>En CARGO ZONE ETC SAS, se ha autorizado a determinados funcionarios para que asuman la funci\u00f3n de proteger y custodiar los datos personales y\/o empresariales, quienes a su vez dar\u00e1n el tratamiento y soluci\u00f3n a las PQR presentadas por los titulares de la informaci\u00f3n.<\/p>\n<p>CARGO ZONE ETC SAS, se compromete a:<\/p>\n<ol>\n<li>Respetar los derechos de los titulares de la informaci\u00f3n de acuerdo at marco legal<\/li>\n<li>Atender y cumplir con las respuestas a las PQR presentadas por los titulares de la informaci\u00f3n.<\/li>\n<li>Custodiar, proteger y resguardar la informaci\u00f3n obtenida de nuestros aliados<\/li>\n<\/ol>\n<p>Nuestros mecanismos utilizados son confidenciales y seguros, contamos con medios tecnol\u00f3gicos eficientes para asegurar el almacenamiento, confidencialidad y acceso indeseado por parte de personas ajenas a nuestra compa\u00f1\u00eda, evitando la adulteraci\u00f3n, p\u00e9rdida, consulta o acceso autorizado o fraudulento.<\/p>\n<\/div>\n<p>[\/vc_column_text][\/vc_column][\/vc_row]<\/p>\n<\/div>","protected":false},"excerpt":{"rendered":"<p>[vc_row wrap_container=&#8221;yes&#8221; text_align=&#8221;justify&#8221;][vc_column css=&#8221;.vc_custom_1720644369249{padding-right: 20% !important;padding-left: 20% !important;}&#8221;][vc_column_text] POL\u00cdTICA DE TRATAMIENTO DE DATOS [\/vc_column_text][vc_column_text] En CARGO ZONE ETC SAS, estamos comprometidos con el cumplimiento de los derechos que tienen todas las personas aliadas a nuestra organizaci\u00f3n con el fin de proteger y resguardar la informaci\u00f3n suministrada en el desarrollo de nuestras actividades. Nuestros aliados tienen [&hellip;]<\/p>\n","protected":false},"author":1,"featured_media":0,"parent":0,"menu_order":0,"comment_status":"closed","ping_status":"closed","template":"","meta":{"footnotes":""},"class_list":["post-5225","page","type-page","status-publish","hentry"],"_links":{"self":[{"href":"https:\/\/cargozoneusa.com\/site\/wp-json\/wp\/v2\/pages\/5225","targetHints":{"allow":["GET"]}}],"collection":[{"href":"https:\/\/cargozoneusa.com\/site\/wp-json\/wp\/v2\/pages"}],"about":[{"href":"https:\/\/cargozoneusa.com\/site\/wp-json\/wp\/v2\/types\/page"}],"author":[{"embeddable":true,"href":"https:\/\/cargozoneusa.com\/site\/wp-json\/wp\/v2\/users\/1"}],"replies":[{"embeddable":true,"href":"https:\/\/cargozoneusa.com\/site\/wp-json\/wp\/v2\/comments?post=5225"}],"version-history":[{"count":4,"href":"https:\/\/cargozoneusa.com\/site\/wp-json\/wp\/v2\/pages\/5225\/revisions"}],"predecessor-version":[{"id":5229,"href":"https:\/\/cargozoneusa.com\/site\/wp-json\/wp\/v2\/pages\/5225\/revisions\/5229"}],"wp:attachment":[{"href":"https:\/\/cargozoneusa.com\/site\/wp-json\/wp\/v2\/media?parent=5225"}],"curies":[{"name":"wp","href":"https:\/\/api.w.org\/{rel}","templated":true}]}}